st the prime factors of c.
2, 3
Suppose 0 = 2*q - 3*l - 839, 5*q = 3*l - 168 + 2243. What are the prime factors of q?
2, 103
Suppose -5*r + 15 = 5*c, 3*c - 1 + 16 = 5*r. Suppose 3*m - 6*m = -r. Let j = 3 - m. What are the prime factors of j?
2
Let n = -327 + 514. List the prime factors of n.
11, 17
Let q(d) = -2*d**2 - 5*d - 4. Let m be q(5). Let z = 147 + m. What are the prime factors of z?
2, 17
Let l = -63 - -63. Suppose -4*x + 4*p + 0*p + 292 = l, 2*x + 4*p = 158. What are the prime factors of x?
3, 5
Let a(m) = -m**2 - 16*m + 85. Let g be a(-20). Suppose y + 0*j - 244 = g*j, 3*y - 3*j - 732 = 0. List the prime factors of y.
2, 61
What are the prime factors of (-120)/28 + 4 + 117124/49?
2, 5, 239
Suppose 2*y = r - 8, r = 3*r - y - 10. Suppose -236 - 184 = -r*w. Suppose v = -5*i + w, 4*v = -4*i + 69 - 1. What are the prime factors of i?
2, 11
Suppose 4*b - 3*k = 449 + 2182, -4*k - 674 = -b. List the prime factors of b.
2, 3, 109
Suppose -43 = 4*j + 3*k, -4*j + 0*k - 42 = 2*k. Let o(s) = 4*s + 3. Let f(z) = -z - 2. Let m(d) = -3*f(d) - o(d). What are the prime factors of m(j)?
13
Suppose -3*k + 18*k = 20280. List the prime factors of k.
2, 13
Let t(v) = 7*v**2 + 39*v - 32. Let g(h) = 3*h**2 + 19*h - 16. Let d(f) = 9*g(f) - 4*t(f). What are the prime factors of d(10)?
2, 17
Suppose -7*m = -3*m + 128. Let c = 70 - m. What are the prime factors of c?
2, 3, 17
Let o(w) = -w - 5. Let p be o(-7). Let b(t) = 15 - 4*t**p + 7*t**2 - 15*t - 2*t**2. List the prime factors of b(17).
7
Suppose -k = 7*k - 16. Suppose k*r = -6*r + 752. What are the prime factors of r?
2, 47
Let j be (-26)/91 - 172/(-14). Let n(m) = 25*m - 26. What are the prime factors of n(j)?
2, 137
Suppose 4*r + 2*a - 43 = -13, 4*r - a = 15. Suppose 895 = 5*u - 5*l, r*u - 695 - 216 = -3*l. What are the prime factors of u?
181
Suppose -3*q + 819 = 4*u, -7*u = -q - 4*u + 273. List the prime factors of q.
3, 7, 13
List the prime factors of ((-6)/9)/((-9)/918).
2, 17
Suppose -u + 15 = 1. Let p = 70 + u. What are the prime factors of p?
2, 3, 7
Let i = 18 - -942. Suppose -5*y - 4*u + 1119 + 81 = 0, i = 4*y + u. List the prime factors of y.
2, 3, 5
Let z = 34 - 33. What are the prime factors of -38 - -221 - (z + 1 + -1)?
2, 7, 13
Let c = 889 + -650. List the prime factors of c.
239
Suppose 0*q + 3*f = 4*q + 4, -4*q - 5*f - 4 = 0. What are the prime factors of (17/51)/(q/(-15))?
5
Suppose -2*x + 5*f - 41 = 0, 8*f - 17 = -x + 3*f. Let a = 165 + -154. Let v = a + x. List the prime factors of v.
3
Let z(w) = 140*w - 58. What are the prime factors of z(3)?
2, 181
Suppose -1 - 5 = 2*b. Let n = 3 - b. What are the prime factors of (148/n)/((-8)/(-12))?
37
Suppose 3*k + 1 = -x - k, -2*x = -4*k + 26. Suppose 0 = -8*w + 9*w - 12. Let y = w + x. List the prime factors of y.
3
Suppose -4*z = -2*o + 24, 0 = 3*o - 6*o + 2*z + 36. Let x = o - 8. Suppose x*d - 5*b = 52, 4*d - 20 = -0*d - 3*b. List the prime factors of d.
2
Let s be (-1706)/12 + (-11)/(-66). Let y = s + 218. List the prime factors of y.
2, 19
Let b(h) = h**3 + 6*h**2 - 8*h - 5. Let t be b(-7). Suppose 3*z = t*z. Suppose z = 8*o - 4*o - 52. What are the prime factors of o?
13
Let c(q) = 6*q**2 - 10*q + 391. What are the prime factors of c(15)?
37, 43
Let x = 3270 + -1955. What are the prime factors of x?
5, 263
Let m = 1150 + 100. List the prime factors of m.
2, 5
Suppose 3*w + m = 21, -4*w + 2*w = 3*m - 7. Let d(x) = 3 + 10 - 7 + 2*x + 4. List the prime factors of d(w).
2, 13
Let c be 1*(-4 + 0) + 0. Let d(k) = k**3 + 2*k**2 + k - 2. Let m be d(c). Let o = -27 - m. What are the prime factors of o?
11
Suppose j = 1, 0 = 5*q + j - 37 - 4. Let t = -3 + q. Suppose 0 = -4*z - 2*u - 49 + 155, 0 = -3*z - t*u + 62. List the prime factors of z.
29
Let m = 24 + 11. Let u = m - 15. What are the prime factors of 144/(-30)*u/(-6)?
2
Suppose -3*f + 5*n = 2*n + 720, -5*f - 1191 = 4*n. Let i = f - -366. List the prime factors of i.
127
Suppose 3*p = 2*q + 7*p + 6, -5*q + 5*p - 45 = 0. Let y(v) = v**3 + 6*v**2 - 11*v - 10. List the prime factors of y(q).
2, 3
Let h = 8 - 5. Suppose 3*z = -h - 3. Let o(d) = 12*d**2 + 2*d. List the prime factors of o(z).
2, 11
Let c(t) = -2*t + 13. Let p be c(8). List the prime factors of 87/(p - 0)*(-3 - -2).
29
Let r be (77 + 4 - 3) + 3. Suppose -52 = -2*j + 3*i, -31 = -5*j + 3*i + r. List the prime factors of j.
2, 5
Suppose 0 = -6*g + 42 - 48. What are the prime factors of 88/3*6 - g/(-1)?
5, 7
Suppose -9 + 4 = 5*y. Let o be (-2 - -1)*(1 + y). Suppose o + 48 = 3*p. What are the prime factors of p?
2
What are the prime factors of 3/7 + -79*48/(-21)?
181
Let r(n) = n + 14. Let i be r(-8). Suppose -4*o - u = -15, 4*o - 3*o + u = i. Suppose o*f - f - 70 = 0. List the prime factors of f.
5, 7
Let k be (-2)/8 - (-207)/(-4). Suppose z = 2*p - 189, 38*p - 4*z - 296 = 35*p. Let m = p + k. What are the prime factors of m?
2, 5
Let q be 1/(0 - 4/(-28)). Suppose -2*i - 21 = q. Let w = -9 - i. What are the prime factors of w?
5
Let k be 14/8 - 3/(-12). Let r = -7 - -13. What are the prime factors of k/4*r + 1?
2
List the prime factors of ((-12)/10)/((-204)/95540).
2, 281
Let w(a) = 82*a**3 - 1. Let v be w(1). Let n be (-4)/10 - (-1817)/5. Suppose n = 6*d + v. List the prime factors of d.
47
Let n(t) = -5*t**3 + t**2 + 3*t - 5. Let y be n(3). What are the prime factors of (4 - (-10)/(-4))/((-3)/y)?
61
Let k(x) = 18*x - 2. Let p = -9 + 13. Let q be k(p). Suppose -2*v = -7*v + q. What are the prime factors of v?
2, 7
Let q(w) be the first derivative of 7*w**2 - 11*w - 7. List the prime factors of q(4).
3, 5
Suppose -4*v = -3*d - 4090 + 1365, -2*v - 3*d = -1367. What are the prime factors of v?
2, 11, 31
Suppose 0 = 2*m + 43 + 23. Let a = m + 37. List the prime factors of a.
2
Let g(p) be the first derivative of 1/2*p**4 - 2*p**3 - 9*p - 1 + 4*p**2. What are the prime factors of g(4)?
5, 11
Suppose 4*n - 3*k = 3*n + 10, 5*k = n - 14. Suppose -n*a + 6*a = -3*y + 17, 4*a + 6 = 2*y. Suppose y*q + 13 - 133 = 0. List the prime factors of q.
2, 3
Let u be 4/14 + 19/7 + -3. Suppose 2*v - 118 - 104 = u. What are the prime factors of v?
3, 37
What are the prime factors of 9 - (-298 + (-35)/(-5))?
2, 3, 5
Let i be (-6 - -4) + (0 - 0). Let k be i + (2 - -4 - 1). Suppose -2*w + 2*u = -36, -3*u + 7*u = k*w - 51. What are the prime factors of w?
3, 7
What are the prime factors of -12*(58461/(-702) - (-4)/(-18))?
2, 3, 167
Suppose -3*l + 17 = -13. Suppose -2*k + 5*i - 21 = 0, -3*k = -4*k - 4*i + 22. Let j = k + l. List the prime factors of j.
2, 3
Let h be -8*(-91)/26*6/14. Suppose 0*c = c - h. List the prime factors of c.
2, 3
Suppose 0 = 2*v - v - 701. List the prime factors of v.
701
Suppose -18 = -2*j - 60. Let u be j/(1*(-12)/8). List the prime factors of u/4*(-5 - -7).
7
Let s(l) be the first derivative of -l**3/6 + 23*l**2 + 3*l - 5. Let w(u) be the first derivative of s(u). What are the prime factors of w(0)?
2, 23
Let m(s) be the first derivative of -9*s**3/2 - s**2/2 + 8*s + 5. Let v(d) be the first derivative of m(d). List the prime factors of v(-1).
2, 13
Suppose 50*c = 61*c - 14938. List the prime factors of c.
2, 7, 97
Suppose -3*i - 6 = 0, 15*h - 5*i + 7307 = 18*h. List the prime factors of h.
3, 271
Suppose 5*p = 281 + 1039. What are the prime factors of p?
2, 3, 11
Suppose 0 = -3*l + 71 + 52. Let n = l + -6. What are the prime factors of n?
5, 7
Let k = 6 - -161. Suppose 3*i + k = 4*i - 5*h, i = -3*h + 151. What are the prime factors of i?
157
Let r(f) = 2*f**2 - 22*f + 5. Let k be r(11). Suppose 5*p - 4*p - 1 = 0. Suppose -p = 2*b - k. What are the prime factors of b?
2
List the prime factors of 1 - (-3 - -6) - (1 + -587).
2, 73
Suppose -27170 = -10*c - 4500. What are the prime factors of c?
2267
Suppose 13 = -5*z - 3*w - 32, 14 = z - 4*w. Let x = z - -17. Suppose -o + x = -q, 0 = -5*o - q - 2*q + 55. What are the prime factors of o?
11
Suppose -5*v - 22 = -82. Suppose 9*o + v = 12*o. Suppose 2*w - 34 = 2*i, -62 = -o*w - 0*w - 2*i. List the prime factors of w.
2
Let t = 1 - 1. Let m(h) = -h**2 - 5*h. Let r be m(-4). Suppose 0 = -t*z - 4*z - 3*x + 26, r*x = 8. What are the prime factors of z?
5
List the prime factors of 54600/189 + 1/9.
17
Suppose 14*l + 47 = 1769. Suppose -3*m - l + 801 = 0. List the prime factors of m.
2, 113
Suppo